 a. What is the highest common factor of h and k?
7
Let g = 31 + -10. What is the greatest common factor of g and 3?
3
Let n = 21 - 22. Let a be (n + 13/7)*7. Calculate the greatest common divisor of 42 and a.
6
Suppose 0*b + 4*b = d + 4, 0 = -5*d - 4*b - 68. Let a = -9 + d. Let c be 1/4 + a/(-12). What is the highest common factor of 10 and c?
2
Let d(b) = b**2 - 2*b - 2. Let w be d(-2). Let q(n) = -n**3 + 8*n**2 - 7*n - 5. Let c be q(w). Let j = c + 5. What is the greatest common divisor of 20 and j?
10
Let y = -33 + 85. Calculate the highest common factor of 130 and y.
26
Let o = 21 - 15. Suppose -3*u = -o, r = -0*r - 3*u + 8. Suppose 5*s = 10, -f + 0 = 2*s - 14. What is the greatest common divisor of r and f?
2
Let y be (-2)/1*(2 + (-9)/3). Let t be 0 + 0 + -1 + 4. Suppose y*v + 117 = t*b - 61, 3*b = 5*v + 193. Calculate the greatest common divisor of b and 14.
14
Let f(n) = -n**2 + 6*n + 1. Let u be f(5). Let h be (-6)/(-8)*4 - 0. Let b be 5/(h*(-3)/(-27)). What is the greatest common divisor of u and b?
3
Suppose 2*o - 5*o + 27 = 0. Let g be 78/o - (-4)/(-6). What is the greatest common divisor of 12 and g?
4
Let x = -1 + 3. Suppose x*k = 6*k - 200. Let n = -18 + k. Calculate the greatest common factor of 8 and n.
8
Let t(c) = -c. Let j be t(-6). Let w be 44 - ((-12)/4 + -1). What is the greatest common factor of j and w?
6
Let w be 4/(-6) + 6/9. Suppose -2*m + 3*m - 70 = w. Calculate the greatest common divisor of 28 and m.
14
Let i(o) = 5*o**2 - o - 2. Let x be i(2). Suppose 5*r - 166 = -46. What is the highest common factor of r and x?
8
Suppose 0 = 2*d + 3*d - 40. Let f be (-16)/104 + 342/26. Let h = f - d. What is the highest common factor of 45 and h?
5
Suppose 0 = 4*d - 3*t - 160, d - 4*t = 11 + 16. Calculate the highest common factor of d and 43.
43
Let g be 3/(-3) + -2 + 4. Let s be g/1*(-22)/(-2). What is the greatest common divisor of 44 and s?
11
Let h = -28 + 40. Suppose -9 + 13 = g. Calculate the greatest common divisor of g and h.
4
Suppose -5*d + 12 + 12 = -u, -3*u = 3*d. Let n be u/6 + (-6)/(-9). Suppose -5*a + 5 = n, 5*a = 2*o - 1 + 4. Calculate the greatest common divisor of 3 and o.
1
Let f = 332 - 52. Calculate the highest common factor of 40 and f.
40
Suppose 7*f - 227 - 116 = 0. What is the highest common divisor of f and 147?
49
Let q(y) = 101*y - 4. Let m be q(2). What is the highest common factor of m and 22?
22
Let h be -5 + 8 + (-12)/(-1). What is the highest common divisor of h and 150?
15
Let y = -121 + 249. Let i be 288/27*6/4. What is the greatest common divisor of i and y?
16
Let b = 16 + 2. What is the highest common divisor of b and 108?
18
Let n = 63 + -45. Let b(g) = -135*g - 3. Let l be b(-2). Let y = -123 + l. What is the highest common factor of n and y?
18
Let x(c) = 3*c + 1. Let g be x(1). Let k be (-20)/(-11) - g/(-22). What is the greatest common factor of 14 and k?
2
Suppose -5*f + 7*f - 60 = 0. Calculate the highest common factor of f and 30.
30
Let s be 1 - (-308)/12 - 16/(-12). Calculate the greatest common factor of s and 112.
28
Let y be 28/(-154) + 387/11. Calculate the highest common factor of 280 and y.
35
Suppose -10 - 15 = 5*b. Let k = b - -18. Suppose 8*v = -5*v + 169. Calculate the highest common divisor of k and v.
13
Let k = 28 + -20. Suppose -2*i = -4*b - k, 27 = 3*i + i + 3*b. What is the highest common factor of 24 and i?
6
Suppose 4*t + 5*j - 3 = 2, -t - 10 = 5*j. Let p(r) = 25*r**2. Let k be p(-1). What is the greatest common divisor of t and k?
5
Suppose 3*q = 34 + 2. Calculate the greatest common divisor of 3 and q.
3
Suppose 2*u + 3 = 9. What is the greatest common factor of 9 and u?
3
Let a = -102 - -110. Suppose 2 = -2*q + 10. Calculate the highest common factor of a and q.
4
Suppose 1551 = 6*q + 543. Calculate the highest common divisor of 21 and q.
21
Let t be (4 - 1)*(-5)/(-3). Suppose t*m - 20 = -5*g, -5*g = -0*g + 4*m - 19. Calculate the highest common divisor of g and 3.
3
Let v be 10/(-15)*(-12 + 3). What is the highest common factor of v and 6?
6
Let y = 9 + -4. Let d be (-7 - -5)*(-1 - y). Let v(g) = 6*g**2 - 3*g. Let x be v(-4). Calculate the highest common factor of d and x.
12
Let h(z) = z + 1. Let a be h(0). Let p be (218 - 2)/(-2) + a. Let v = 161 + p. What is the greatest common factor of v and 6?
6
Let g(l) = 153*l + 1. Let v be g(1). Suppose 3*b + 20 = -2*b. Let q be b/(-18) - 124/(-9). Calculate the greatest common factor of v and q.
14
Let s be 6*-6*2/(-8). Suppose -6*o = -o - 20. Suppose 3*z + o*g - 83 - 113 = 0, 4*z = 4*g + 308. What is the greatest common divisor of z and s?
9
Let k(o) = -o + 12. Let h be k(5). Let l = h - 0. Suppose -3*p - 29 = -2*c, 38 = -5*p + 13. What is the greatest common divisor of l and c?
7
Let g be (-7)/(-2) + (-1)/2. Suppose 4*r = -0*t + 3*t + 141, -4*t + 21 = r. What is the greatest common factor of g and r?
3
Let u be ((-8)/16)/(1/(-918)). Suppose 3*k - u = -0*k. What is the highest common factor of k and 17?
17
Suppose 4*j = 2*j + 8. What is the highest common divisor of 12 and j?
4
Suppose l = -4*k + 14, -4*l + 43 = -3*k + 6*k. Calculate the highest common factor of l and 20.
10
Let x be -1*(-3)/(-6)*-2. Let r be x/(-3 + (-48)/(-15)). Calculate the greatest common divisor of 5 and r.
5
Let d be 2*158/4 - 2. Calculate the highest common factor of 7 and d.
7
Suppose -2*p = -5*w + 65, -32 = -3*w + 4*p + 7. Let y(u) = -u**2 + 17*u - 5. Let k be y(7). What is the greatest common divisor of w and k?
13
Let r be 35/10*(-12)/(-21). Suppose -p - r*p = -45. Calculate the greatest common divisor of p and 60.
15
Suppose -2*y = -6 + 2. Let n = 8 - y. Suppose 6*b = b + 120. Calculate the highest common factor of n and b.
6
Suppose 4*n - 3*n + 15 = 3*k, 0 = -n - 2*k. Let s = n + 11. Calculate the highest common factor of 1 and s.
1
Let d be 11 + -7 + (1 - 0). Calculate the highest common divisor of d and 25.
5
Let l = 62 - 29. Calculate the greatest common divisor of l and 22.
11
Let v(l) = 6*l**3 + 2*l**2 + 3*l - 4. Let j be v(1). What is the greatest common factor of j and 77?
7
Let i = 3 + 0. Let a(d) = 0 + d + 3 - 1 - 1 + d**2. Let q be a(-1). What is the greatest common factor of i and q?
1
Suppose 3*a - 17 = -8. Suppose a*h - 50 = 31. Suppose 0 = d - 2*d + 9. What is the greatest common factor of h and d?
9
Let g be ((-4)/(-4) - -1)*2. Suppose -g*a - 4*i + 0*i = -60, -2*a - 3*i + 25 = 0. What is the greatest common factor of 10 and a?
10
Let z(b) = -b**3 - 5*b**2 - 7*b + 6. Let h be z(-6). What is the greatest common factor of 12 and h?
12
Let s be 1*-6*(-4 - (-24)/9). Suppose -4*x + 8 = -0*x. Calculate the greatest common factor of x and s.
2
Let s(u) = 5*u - 61. Let m be s(16). Calculate the highest common divisor of 133 and m.
19
Let b = 1 + 0. Let m = -4 + 15. Calculate the highest common divisor of b and m.
1
Let b(u) = 13*u + 11. Let s be b(9). Let t = s - 91. Suppose 4*w - 5 = -k, t + 10 = 3*k - 4*w. What is the greatest common divisor of 52 and k?
13
Let o be ((-48)/9)/(10/(-735)). Calculate the highest common divisor of o and 49.
49
Let i be (-6384)/22 - (-4)/22. Let a be 6/(-27) + i/(-9). Let m = 6 - 2. Calculate the highest common factor of m and a.
4
Suppose 2*c = -0*c + 2. Suppose 2 - 8 = t. Let s be (33/t)/(c/(-2)). Calculate the highest common factor of s and 77.
11
Let a be 9/(-6)*(-80)/2. Suppose -5*b = 15, -31 = -2*f + 2*b + 23. Suppose -2*j + 48 = -l, -l + f = j + 2*l. Calculate the highest common factor of a and j.
12
Suppose 0 = 8*a - 3*a + 30. Let u be -4*(-1 + 3/a). Calculate the highest common divisor of u and 6.
6
Let o = 46 - 25. Calculate the greatest common divisor of o and 3.
3
Suppose -5 = -0*m - m. Let w be (m + 0)*224/10. Suppose 6*h - 80 = h. What is the highest common factor of h and w?
16
Suppose -r + 28 = 3*y, 2*r + 4*y - 32 - 16 = 0. Calculate the greatest common divisor of r and 80.
16
Suppose -s - 3*u + 149 = 2*u, -3*u - 429 = -3*s. Calculate the highest common factor of s and 18.
18
Let z(f) = 27*f - 2. Let y be z(2). Let s = y + -34. Calculate the greatest common divisor of 18 and s.
18
Suppose 2*h - 3*p - 170 = 0, 0 = 4*h + 6*p - 5*p - 354. Calculate the highest common factor of h and 22.
22
Let r(b) = b**3 + 10*b**2 + 2*b + 9. Let c be r(-9). Calculate the greatest common factor